True
Is 49 a factor of 239313883?
False
Is 845 a factor of 1422605346?
False
Is 4753965 a multiple of 139?
False
Is 4 a factor of 40744551?
False
Is 7 a factor of 102963217?
True
Is 739 a factor of 106495272?
False
Is 153373072 a multiple of 16?
True
Is 715850 a multiple of 278?
True
Is 1314227698 a multiple of 57?
False
Is 29 a factor of 140930575?
True
Does 346 divide 14970036?
True
Does 20 divide 16040700?
True
Does 11 divide 213829220?
True
Does 17 divide 496840016?
False
Does 5 divide 123971377?
False
Does 47 divide 101586223?
True
Does 49 divide 339626452?
False
Is 10105150 a multiple of 209?
True
Is 12 a factor of 468012151?
False
Is 749543462 a multiple of 714?
False
Is 406590131 a multiple of 210?
False
Is 19 a factor of 209085652?
True
Is 126015869 a multiple of 3136?
False
Is 10321 a factor of 1838235347?
False
Does 7 divide 13758710?
True
Is 27275880 a multiple of 496?
False
Does 56 divide 20128304?
True
Does 1146 divide 156810618?
True
Is 1838523159 a multiple of 13?
False
Does 52 divide 33778524?
True
Is 875389504 a multiple of 121?
True
Is 22 a factor of 324027558?
False
Is 1253184071 a multiple of 211?
True
Does 2028 divide 2695299204?
True
Is 1414 a factor of 300319460?
True
Is 288 a factor of 1464161875?
False
Is 29 a factor of 24570092?
False
Is 1276 a factor of 22238101?
False
Is 618 a factor of 639179139?
False
Is 41 a factor of 87347630?
True
Is 186040576 a multiple of 9?
False
Is 37 a factor of 214382736?
True
Is 9670320 a multiple of 297?
True
Is 636 a factor of 279917742?
False
Is 10776095 even?
False
Is 258028276 a multiple of 51?
False
Is 23 a factor of 1589242750?
False
Is 22 a factor of 2671079400?
True
Does 37 divide 1893736479?
True
Is 3009 a factor of 994131474?
True
Does 2479 divide 3436697528?
False
Is 1128 a factor of 18382116?
False
Does 1648 divide 1160178?
False
Does 8 divide 16585981?
False
Does 198 divide 51638598?
True
Does 121 divide 15469971?
True
Is 142334277 a multiple of 9?
False
Is 205113947 a multiple of 968?
False
Does 8 divide 29562672?
True
Does 1073 divide 3064065?
False
Is 1421 a factor of 417569376?
True
Is 155 a factor of 96016864?
False
Does 1681 divide 22192562?
True
Is 466 a factor of 5293294?
True
Is 64115741 a multiple of 71?
False
Is 3089093 a multiple of 266?
False
Is 10 a factor of 5866940?
True
Does 1874 divide 6633466?
False
Does 6 divide 26411916?
True
Is 87225620 a multiple of 2237?
False
Is 988 a factor of 69513537?
False
Is 21 a factor of 74889444?
True
Is 2450576 a multiple of 2?
True
Is 2919256 a multiple of 58?
True
Is 510 a factor of 2704624350?
True
Is 29 a factor of 343965723?
True
Does 735 divide 274187340?
True
Is 1115753301 a multiple of 22?
False
Does 96 divide 2797954073?
False
Is 39766416 a multiple of 888?
True
Is 1179 a factor of 141681609?
True
Does 711 divide 1056935628?
True
Does 1267 divide 3253122593?
True
Is 25 a factor of 157532025?
True
Is 8 a factor of 293140816?
True
Does 25 divide 937578075?
True
Does 106 divide 119417056?
True
Is 31431645 a multiple of 27?
True
Does 3 divide 15289224?
True
Is 9 a factor of 166394879?
False
Is 148 a factor of 2784907268?
True
Is 18 a factor of 2257574382?
True
Does 38 divide 394345608?
True
Is 229 a factor of 648084427?
True
Is 1157 a factor of 61998697?
False
Is 906964861 a multiple of 223?
True
Is 78 a factor of 196187082?
True
Is 24937396 a multiple of 4?
True
Is 1279910682 a multiple of 84?
False
Is 106090722 a multiple of 2366?
False
Does 162 divide 87514344?
True
Is 300 a factor of 37069676?
False
Is 401 a factor of 7533587?
True
Is 1151243819 a multiple of 103?
False
Is 10 a factor of 137596580?
True
Does 12 divide 705514311?
False
Is 447 a factor of 3098450790?
False
Is 3921611036 a multiple of 2700?
False
Is 283 a factor of 18965367?
False
Does 756 divide 1107042516?
False
Does 14 divide 2503989213?
False
Is 35860966 a multiple of 746?
True
Is 156292200 a multiple of 40?
True
Is 1201511329 a multiple of 17?
True
Is 940813470 a multiple of 804?
False
Is 428637626 a multiple of 367?
False
Is 42 a factor of 46736004?
True
Does 29 divide 214809293?
True
Is 11 a factor of 1617574519?
True
Does 3853 divide 315721393?
False
Does 22 divide 174192927?
False
Does 53 divide 64975067?
False
Is 805945355 a multiple of 97?
True
Does 1592 divide 652454136?
True
Is 79564711 a multiple of 292?
False
Does 95 divide 84029020?
True
Is 25 a factor of 55951020?
False
Is 141 a factor of 1185541150?
False
Is 967842208 a multiple of 184?
True
Does 122 divide 197624184?
False
Is 620292175 a multiple of 13795?
True
Is 49 a factor of 48156073?
True
Does 16 divide 59586363?
False
Does 37 divide 25306512?
False
Is 9 a factor of 12820752?
True
Does 3998 divide 1097275088?
True
Does 36 divide 68987111?
False
Does 2 divide 26516494?
True
Does 255 divide 21933570?
True
Does 2 divide 7389405?
False
Is 2485271696 a multiple of 16?
True
Is 2137 a factor of 243004681?
True
Is 11893793 a multiple of 52?
False
Is 335727496 a multiple of 6579?
False
Is 618 a factor of 1938802583?
False
Does 3 divide 2909978?
False
Is 2055 a factor of 854746742?
False
Is 792 a factor of 24188083?
False
Is 16371514 a multiple of 24?
False
Is 24027660 a multiple of 145?
True
Does 134 divide 45334675?
False
Is 50053006 a multiple of 36?
False
Is 2231934876 a multiple of 978?
True
Is 6122712 a multiple of 76?
True
Is 291 a factor of 63772068?
True
Is 538019592 a multiple of 239?
True
Is 190866061 a multiple of 120?
False
Is 14 a factor of 158446536?
False
Is 147746400 a multiple of 30?
True
Is 26008752 a multiple of 1488?
True
Does 2416 divide 10846952?
False
Is 2630564436 a multiple of 316?
True
Does 3 divide 4993341?
True
Is 4966 a factor of 439801873?
False
Is 132660251 a multiple of 15?
False
Is 153677520 a multiple of 12?
True
Is 16 a factor of 1729204128?
True
Is 903 a factor of 142959348?
True
Does 3030 divide 320280090?
True
Does 37 divide 4963365?
True
Does 1675 divide 81212375?
True
Does 531 divide 41466725?
False
Is 370783426 a multiple of 2200?
False
Is 16 a factor of 47875056?
True
Is 131 a factor of 10736297?
False
Is 374776315 a multiple of 29?
False
Is 141 a factor of 21992372?
False
Does 17 divide 60129575?
False
Does 276 divide 6002448?
True
Does 121 divide 56516801?
True
Is 49472640 a multiple of 80?
True
Is 26 a factor of 291392972?
True
Is 2 a factor of 94647481?
False
Does 28 divide 1359182832?
True
Does 37 divide 369860547?
True
Is 36 a factor of 15505747?
False
Does 2 divide 887176?
True
Does 10 divide 28882358?
False
Is 450397385 a multiple of 115?
True
Does 301 divide 790006406?
True
Does 12 divide 431649364?
False
Does 1991 divide 116682555?
True
Does 2472 divide 489601069?
False
Is 365 a factor of 4834980?
False
Is 153 a factor of 2347239171?
False
Does 483 divide 851724668?
False
Is 91 a factor of 78945776?
True
Is 32 a factor of 836428224?
True
Is 1395 a factor of 583387040?
False
Is 3660894062 a multiple of 3481?
False
Is 45061540 a multiple of 95?
True
Is 7 a factor of 107594893?
True
Is 23 a factor of 131630886?
True
Is 15 a factor of 746891378?
False
Is 332 a factor of 589278088?
True
Is 455 a factor of 117364520?
True
Is 4741 a factor of 191972519?
False
Is 11 a factor of 178499641?
False
Is 1773790625 a multiple of 3281?
True
Does 79 divide 1701185210?
True
Is 182 a factor of 102035206?
True
Is 147 a factor of 4198614?
True
Is 1150 a factor of 4329489?
False
Is 55546140 a multiple of 85?
True
Is 17 a factor of 93047800?
True
Is 1559589896 a multiple of 118?
False
Is 3429 a factor of 293083488?
True
Is 637561899 a multiple of 9?
True
Does 371 divide 55168813?
True
Does 35 divide 246769145?
True
Is 30 a factor of 113427210?
True
Is 601 a factor of 79579011?
True
Does 159 divide 712286133?
True
Is 79558006 a multiple of 4367?
True
Does 4588 divide 379000916?
True
Does 60 divide 46839685?
False
Does 2990 divide 57997030?
True
Does 151 divide 51517727?
True
Is 867 a factor of 2681440260?
True
Does 10 divide 2174910037?
False
Is 259433220 a multiple of 587?
False
Is 22732522 a multiple of 3041?
False
Is 32914913 a multiple of 198?
False
Is 812 a factor of 52138594?
False
Is 1909156 a multiple of 2473?
True
Does 2 divide 1679867?
False
Is 168 a factor of 3504757040?
False
Is 140909993 a multiple of 2874?
False
Does 16 divide 919568?
True